{"id":193,"date":"2021-01-11T10:18:45","date_gmt":"2021-01-11T09:18:45","guid":{"rendered":"http:\/\/olivetvousaccueil.fr\/?page_id=193"},"modified":"2026-03-16T09:37:21","modified_gmt":"2026-03-16T08:37:21","slug":"marches-tranquilles-du-mardi","status":"publish","type":"page","link":"https:\/\/olivetvousaccueil.fr\/?page_id=193","title":{"rendered":"Balade p\u00e9destre tranquille du mardi :"},"content":{"rendered":"\n<figure class=\"wp-block-table\"><table class=\"has-pale-cyan-blue-background-color has-background\"><tbody><tr><td><\/td><\/tr><\/tbody><\/table><\/figure>\n\n\n\n<div class=\"wp-block-media-text alignwide is-stacked-on-mobile\"><figure class=\"wp-block-media-text__media\"><img loading=\"lazy\" decoding=\"async\" width=\"821\" height=\"588\" src=\"https:\/\/olivetvousaccueil.fr\/wp-content\/uploads\/2021\/07\/marche-tranquille.jpg\" alt=\"\" class=\"wp-image-905 size-full\" srcset=\"https:\/\/olivetvousaccueil.fr\/wp-content\/uploads\/2021\/07\/marche-tranquille.jpg 821w, https:\/\/olivetvousaccueil.fr\/wp-content\/uploads\/2021\/07\/marche-tranquille-300x215.jpg 300w, https:\/\/olivetvousaccueil.fr\/wp-content\/uploads\/2021\/07\/marche-tranquille-768x550.jpg 768w\" sizes=\"auto, (max-width: 821px) 100vw, 821px\" \/><\/figure><div class=\"wp-block-media-text__content\">\n<p> <strong><span class=\"has-inline-color has-vivid-cyan-blue-color\">Nouvelle balade qui privil\u00e9gie la rencontre et le dialogue avec des parcours inf\u00e9rieurs \u00e0 5 kms. <\/span><\/strong> <\/p>\n\n\n\n<p>Attention une participation pour co voiturage peut vous \u00eatre demand\u00e9.<\/p>\n<\/div><\/div>\n\n\n\n<figure class=\"wp-block-image size-large\"><img decoding=\"async\" src=\"https:\/\/olivetvousaccueil.fr\/wp-content\/uploads\/OVA-balades-du-mardi-avril-A-juin-2026.pdf\" alt=\"\"\/><\/figure>\n\n\n\n<figure class=\"wp-block-table\"><table class=\"has-pale-cyan-blue-background-color has-background\"><tbody><tr><td><\/td><\/tr><\/tbody><\/table><\/figure>\n\n\n\n<p class=\"has-text-align-center\"><strong><span class=\"has-inline-color has-vivid-cyan-blue-color\">Le d\u00e9part a lieu chaque mardi  du parking ALLIAGE  \u00e0 14h00. <\/span><\/strong><\/p>\n\n\n\n<p class=\"has-text-align-center\"><strong><span class=\"has-inline-color has-vivid-cyan-blue-color\">Important :&nbsp; <em>Rendez-vous \u00e0 13h45&nbsp;pour un d\u00e9part \u00e0 14h00&nbsp;pr\u00e9cise<\/em>s.<\/span><\/strong><\/p>\n\n\n\n<hr class=\"wp-block-separator has-css-opacity\"\/>\n\n\n\n<p class=\"has-text-align-right\" style=\"font-size:10px\">Mise \u00e0 jour 27 aout 2022<\/p>\n","protected":false},"excerpt":{"rendered":"<p>Nouvelle balade qui privil\u00e9gie la rencontre et le dialogue avec des parcours inf\u00e9rieurs \u00e0 5 kms. Attention une participation pour co voiturage peut vous \u00eatre demand\u00e9. Le d\u00e9part a lieu chaque mardi du parking ALLIAGE \u00e0 14h00. Important :&nbsp; Rendez-vous<\/p>\n","protected":false},"author":1,"featured_media":0,"parent":0,"menu_order":0,"comment_status":"closed","ping_status":"closed","template":"","meta":{"_exactmetrics_skip_tracking":false,"_exactmetrics_sitenote_active":false,"_exactmetrics_sitenote_note":"","_exactmetrics_sitenote_category":0,"_monsterinsights_skip_tracking":false,"_monsterinsights_sitenote_active":false,"_monsterinsights_sitenote_note":"","_monsterinsights_sitenote_category":0,"footnotes":""},"class_list":["post-193","page","type-page","status-publish","hentry"],"_links":{"self":[{"href":"https:\/\/olivetvousaccueil.fr\/index.php?rest_route=\/wp\/v2\/pages\/193","targetHints":{"allow":["GET"]}}],"collection":[{"href":"https:\/\/olivetvousaccueil.fr\/index.php?rest_route=\/wp\/v2\/pages"}],"about":[{"href":"https:\/\/olivetvousaccueil.fr\/index.php?rest_route=\/wp\/v2\/types\/page"}],"author":[{"embeddable":true,"href":"https:\/\/olivetvousaccueil.fr\/index.php?rest_route=\/wp\/v2\/users\/1"}],"replies":[{"embeddable":true,"href":"https:\/\/olivetvousaccueil.fr\/index.php?rest_route=%2Fwp%2Fv2%2Fcomments&post=193"}],"version-history":[{"count":36,"href":"https:\/\/olivetvousaccueil.fr\/index.php?rest_route=\/wp\/v2\/pages\/193\/revisions"}],"predecessor-version":[{"id":2831,"href":"https:\/\/olivetvousaccueil.fr\/index.php?rest_route=\/wp\/v2\/pages\/193\/revisions\/2831"}],"wp:attachment":[{"href":"https:\/\/olivetvousaccueil.fr\/index.php?rest_route=%2Fwp%2Fv2%2Fmedia&parent=193"}],"curies":[{"name":"wp","href":"https:\/\/api.w.org\/{rel}","templated":true}]}}

Balade pédestre tranquille du mardi :

<figure class="wp-block-table"><table class="has-pale-cyan-blue-background-color has-background"><tbody><tr><td></td></tr></tbody></table></figure>



<div class="wp-block-media-text alignwide is-stacked-on-mobile"><figure class="wp-block-media-text__media"><img loading="lazy" decoding="async" width="821" height="588" src="https://olivetvousaccueil.fr/wp-content/uploads/2021/07/marche-tranquille.jpg" alt="" class="wp-image-905 size-full" srcset="https://olivetvousaccueil.fr/wp-content/uploads/2021/07/marche-tranquille.jpg 821w, https://olivetvousaccueil.fr/wp-content/uploads/2021/07/marche-tranquille-300x215.jpg 300w, https://olivetvousaccueil.fr/wp-content/uploads/2021/07/marche-tranquille-768x550.jpg 768w" sizes="auto, (max-width: 821px) 100vw, 821px" /></figure><div class="wp-block-media-text__content">
<p> <strong><span class="has-inline-color has-vivid-cyan-blue-color">Nouvelle balade qui privilégie la rencontre et le dialogue avec des parcours inférieurs à 5 kms. </span></strong> </p>



<p>Attention une participation pour co voiturage peut vous être demandé.</p>
</div></div>



<figure class="wp-block-image size-large"><img decoding="async" src="https://olivetvousaccueil.fr/wp-content/uploads/OVA-balades-du-mardi-avril-A-juin-2026.pdf" alt=""/></figure>



<figure class="wp-block-table"><table class="has-pale-cyan-blue-background-color has-background"><tbody><tr><td></td></tr></tbody></table></figure>



<p class="has-text-align-center"><strong><span class="has-inline-color has-vivid-cyan-blue-color">Le départ a lieu chaque mardi  du parking ALLIAGE  à 14h00. </span></strong></p>



<p class="has-text-align-center"><strong><span class="has-inline-color has-vivid-cyan-blue-color">Important :&nbsp; <em>Rendez-vous à 13h45&nbsp;pour un départ à 14h00&nbsp;précise</em>s.</span></strong></p>



<hr class="wp-block-separator has-css-opacity"/>



<p class="has-text-align-right" style="font-size:10px">Mise à jour 27 aout 2022</p>

<p>Nouvelle balade qui privilégie la rencontre et le dialogue avec des parcours inférieurs à 5 kms. Attention une participation pour co voiturage peut vous être demandé. Le départ a lieu chaque mardi du parking ALLIAGE à 14h00. Important :&nbsp; Rendez-vous</p>
