{"id":108,"date":"2020-12-30T11:39:13","date_gmt":"2020-12-30T10:39:13","guid":{"rendered":"http:\/\/olivetvousaccueil.fr\/?page_id=108"},"modified":"2025-01-13T10:51:16","modified_gmt":"2025-01-13T09:51:16","slug":"anglais","status":"publish","type":"page","link":"https:\/\/olivetvousaccueil.fr\/?page_id=108","title":{"rendered":"Anglais : 2 cours 1.D\u00e9couverte 2.cours de conversations anglaise."},"content":{"rendered":"\n<p><\/p>\n\n\n\n<figure class=\"wp-block-table\"><table class=\"has-pale-cyan-blue-background-color has-background\"><tbody><tr><td><\/td><\/tr><\/tbody><\/table><\/figure>\n\n\n\n<figure class=\"wp-block-image size-large\"><img loading=\"lazy\" decoding=\"async\" width=\"689\" height=\"329\" src=\"https:\/\/olivetvousaccueil.fr\/wp-content\/uploads\/2021\/06\/Pont-et-drapeaux-anglais.jpg\" alt=\"\" class=\"wp-image-725\" srcset=\"https:\/\/olivetvousaccueil.fr\/wp-content\/uploads\/2021\/06\/Pont-et-drapeaux-anglais.jpg 689w, https:\/\/olivetvousaccueil.fr\/wp-content\/uploads\/2021\/06\/Pont-et-drapeaux-anglais-300x143.jpg 300w\" sizes=\"auto, (max-width: 689px) 100vw, 689px\" \/><\/figure>\n\n\n\n<p class=\"has-text-align-center has-vivid-cyan-blue-color has-text-color has-small-font-size\"><em><mark style=\"background-color:rgba(0, 0, 0, 0)\" class=\"has-inline-color has-black-color\">Pour nous permettre d&rsquo;organiser les groupes, si vous \u00eates int\u00e9ress\u00e9s, merci de venir vous inscrire \u00e0 la permanence OVA les mardis ou vendredis apr\u00e8s-midi de 14h \u00e0 17h.<\/mark><\/em><\/p>\n\n\n\n<figure class=\"wp-block-table\"><table class=\"has-pale-cyan-blue-background-color has-background\"><tbody><tr><td><\/td><\/tr><\/tbody><\/table><\/figure>\n\n\n\n<h2 class=\"wp-block-heading has-text-align-center has-pale-pink-color has-text-color has-medium-font-size\"><mark style=\"background-color:rgba(0, 0, 0, 0)\" class=\"has-inline-color has-luminous-vivid-orange-color\">Continuit\u00e9 du cours \u00ab\u00a0<strong>D\u00e9couverte<\/strong>\u00a0\u00bb en 2 Groupes <\/mark>: <\/h2>\n\n\n\n<p class=\"has-text-align-center has-vivid-cyan-blue-color has-text-color has-medium-font-size\"><mark style=\"background-color:rgba(0, 0, 0, 0)\" class=\"has-inline-color has-black-color\"><em>Reprise &nbsp;<strong>\u00e0 compter du jeudi  05 septembre <\/strong> 2024 du cours d&rsquo;anglais \u00ab\u00a0<strong>d\u00e9couverte<\/strong>\u00ab\u00a0en 2 groupes <\/em>.&nbsp;<\/mark><\/p>\n\n\n\n<p>L\u2019ambition du cours est de r\u00e9veiller vos souvenirs scolaires ou de vous faire d\u00e9couvrir les bases de la langue. Si vous avez des projets de voyage ou des besoins pour vous redonner confiance en prevision de discussions avec des amis ou famille anglophone , rejoignez nous \u2026. Plus y a de fous \u2026. Nous sommes nos propres ennemis , venez casser la glace et croire en vous en regagnant confiance au travers de conversations basiques. Deux groupes de niveau sont disponibles \u2026 We look forward to see you\u2026.<\/p>\n\n\n\n<figure class=\"wp-block-image size-full\"><img loading=\"lazy\" decoding=\"async\" width=\"1200\" height=\"1000\" src=\"https:\/\/olivetvousaccueil.fr\/wp-content\/uploads\/2024\/10\/IMG_6117.webp\" alt=\"\" class=\"wp-image-1991\"\/><\/figure>\n\n\n\n<p><\/p>\n\n\n\n<p class=\"has-text-align-center has-vivid-cyan-blue-color has-text-color has-small-font-size\"><em><mark style=\"background-color:rgba(0, 0, 0, 0)\" class=\"has-inline-color has-black-color\">Le <strong>premier groupe<\/strong> commence \u00e0 <strong>9h15<\/strong> , quant au <strong>deuxi\u00e8me <\/strong>c&rsquo;est \u00e0 <strong>10h45. <\/strong><\/mark><\/em><br><strong>Si vous avez pay\u00e9 votre cotisation rien \u00e0 rajouter m\u00eames les sourires et les blagues sont comprises<\/strong>\u2026..!<\/p>\n\n\n\n<p class=\"has-text-align-center has-vivid-cyan-blue-color has-text-color has-small-font-size\"> <em><mark style=\"background-color:rgba(0, 0, 0, 0)\" class=\"has-inline-color has-black-color\">Ce cours est anim\u00e9 par Patrice&nbsp;Minzolini.<\/mark><\/em><\/p>\n\n\n\n<figure class=\"wp-block-table\"><table class=\"has-pale-cyan-blue-background-color has-background\"><tbody><tr><td><\/td><\/tr><\/tbody><\/table><\/figure>\n\n\n\n<h2 class=\"wp-block-heading has-text-align-center has-medium-font-size\"><mark style=\"background-color:rgba(0, 0, 0, 0)\" class=\"has-inline-color has-luminous-vivid-orange-color\">Continuit\u00e9 du cours \u00ab\u00a0<strong>Conversation<\/strong>\u00a0\u00bb en 2 Groupes : <\/mark><\/h2>\n\n\n\n<p class=\"has-text-align-center has-small-font-size\"><mark style=\"background-color:rgba(0, 0, 0, 0)\" class=\"has-inline-color has-black-color\"><em><strong>Rencontre tous les mardis, <\/strong>(Sauf vacances scolaires)<\/em><\/mark><\/p>\n\n\n\n<p class=\"has-text-align-center has-luminous-vivid-orange-color has-text-color has-small-font-size\"><mark style=\"background-color:rgba(0, 0, 0, 0)\" class=\"has-inline-color has-black-color\"><em>Deux groupes de conversation vous sont propos\u00e9s le mardi matin .<\/em><\/mark><\/p>\n\n\n\n<p class=\"has-text-align-center has-black-color has-text-color has-small-font-size\"><em>Le <strong>premier groupe<\/strong> conserve de <strong>9h00 \u00e0 10h30 heures,<\/strong> le <strong>deuxi\u00e8me de 10h30  \u00e0 midi<\/strong>. <\/em><mark style=\"background-color:rgba(0, 0, 0, 0)\" class=\"has-inline-color has-black-color\"><em> &nbsp;<\/em><\/mark><\/p>\n\n\n\n<p class=\"has-text-align-center has-small-font-size\"><em><mark style=\"background-color:rgba(0, 0, 0, 0)\" class=\"has-inline-color has-black-color\">Ce cours est anim\u00e9 par Francis Binse.<\/mark><\/em><\/p>\n\n\n\n<p>L\u2019activit\u00e9 conversation anglaise se fait \u00e0 partir d&rsquo;un texte. les Th\u00e8mes vari\u00e9s<\/p>\n\n\n\n<p>&#8211; Cela va de niveau interm\u00e9diaire \u00e0 avanc\u00e9<\/p>\n\n\n\n<p>&#8211; La conversation se fait entre voisins par groupes de 2.&nbsp; Mise en commun et discussion g\u00e9n\u00e9rale \u00e9ventuellement;<\/p>\n\n\n\n<p>&#8211; jusqu&rsquo;\u00e0 40 inscrits (2&#215;20). Effectif actuel 38 personnes.<\/p>\n\n\n\n<p>&#8211; possibilit\u00e9 d&rsquo;une ou deux inscriptions suppl\u00e9mentaires apr\u00e8s une ou deux s\u00e9ances d&rsquo;essai sans test ou \u00e9valuation.<\/p>\n\n\n\n<p>&#8211; Objectifs : convivialit\u00e9 et \u00e9changes. D\u00e9veloppement aptitudes avec accent sur l&rsquo;expression orale.<\/p>\n\n\n\n<p class=\"has-text-align-center has-black-color has-text-color has-medium-font-size\"><strong><em>Les conversations ont reprises<\/em><\/strong><em><b> <\/b><\/em>\u2026.<\/p>\n\n\n\n<figure class=\"wp-block-image size-full\"><img loading=\"lazy\" decoding=\"async\" width=\"363\" height=\"500\" src=\"https:\/\/olivetvousaccueil.fr\/wp-content\/uploads\/2024\/10\/IMG_6134.webp\" alt=\"\" class=\"wp-image-2041\"\/><\/figure>\n\n\n\n<ul class=\"wp-block-list has-small-font-size\">\n<li><\/li>\n<\/ul>\n\n\n\n<figure class=\"wp-block-table\"><table class=\"has-pale-cyan-blue-background-color has-background\"><tbody><tr><td><\/td><\/tr><\/tbody><\/table><\/figure>\n\n\n\n<p class=\"has-text-align-right has-black-color has-text-color\" style=\"font-size:10px\">Mise \u00e0 jour  14 octobre  2024<\/p>\n","protected":false},"excerpt":{"rendered":"<p>Pour nous permettre d&rsquo;organiser les groupes, si vous \u00eates int\u00e9ress\u00e9s, merci de venir vous inscrire \u00e0 la permanence OVA les mardis ou vendredis apr\u00e8s-midi de 14h \u00e0 17h. Continuit\u00e9 du cours \u00ab\u00a0D\u00e9couverte\u00a0\u00bb en 2 Groupes : Reprise &nbsp;\u00e0 compter du<\/p>\n","protected":false},"author":1,"featured_media":0,"parent":0,"menu_order":0,"comment_status":"closed","ping_status":"closed","template":"","meta":{"_exactmetrics_skip_tracking":false,"_exactmetrics_sitenote_active":false,"_exactmetrics_sitenote_note":"","_exactmetrics_sitenote_category":0,"_monsterinsights_skip_tracking":false,"_monsterinsights_sitenote_active":false,"_monsterinsights_sitenote_note":"","_monsterinsights_sitenote_category":0,"footnotes":""},"class_list":["post-108","page","type-page","status-publish","hentry"],"_links":{"self":[{"href":"https:\/\/olivetvousaccueil.fr\/index.php?rest_route=\/wp\/v2\/pages\/108","targetHints":{"allow":["GET"]}}],"collection":[{"href":"https:\/\/olivetvousaccueil.fr\/index.php?rest_route=\/wp\/v2\/pages"}],"about":[{"href":"https:\/\/olivetvousaccueil.fr\/index.php?rest_route=\/wp\/v2\/types\/page"}],"author":[{"embeddable":true,"href":"https:\/\/olivetvousaccueil.fr\/index.php?rest_route=\/wp\/v2\/users\/1"}],"replies":[{"embeddable":true,"href":"https:\/\/olivetvousaccueil.fr\/index.php?rest_route=%2Fwp%2Fv2%2Fcomments&post=108"}],"version-history":[{"count":43,"href":"https:\/\/olivetvousaccueil.fr\/index.php?rest_route=\/wp\/v2\/pages\/108\/revisions"}],"predecessor-version":[{"id":2218,"href":"https:\/\/olivetvousaccueil.fr\/index.php?rest_route=\/wp\/v2\/pages\/108\/revisions\/2218"}],"wp:attachment":[{"href":"https:\/\/olivetvousaccueil.fr\/index.php?rest_route=%2Fwp%2Fv2%2Fmedia&parent=108"}],"curies":[{"name":"wp","href":"https:\/\/api.w.org\/{rel}","templated":true}]}}

Anglais : 2 cours 1.Découverte 2.cours de conversations anglaise.

<p></p>



<figure class="wp-block-table"><table class="has-pale-cyan-blue-background-color has-background"><tbody><tr><td></td></tr></tbody></table></figure>



<figure class="wp-block-image size-large"><img loading="lazy" decoding="async" width="689" height="329" src="https://olivetvousaccueil.fr/wp-content/uploads/2021/06/Pont-et-drapeaux-anglais.jpg" alt="" class="wp-image-725" srcset="https://olivetvousaccueil.fr/wp-content/uploads/2021/06/Pont-et-drapeaux-anglais.jpg 689w, https://olivetvousaccueil.fr/wp-content/uploads/2021/06/Pont-et-drapeaux-anglais-300x143.jpg 300w" sizes="auto, (max-width: 689px) 100vw, 689px" /></figure>



<p class="has-text-align-center has-vivid-cyan-blue-color has-text-color has-small-font-size"><em><mark style="background-color:rgba(0, 0, 0, 0)" class="has-inline-color has-black-color">Pour nous permettre d&rsquo;organiser les groupes, si vous êtes intéressés, merci de venir vous inscrire à la permanence OVA les mardis ou vendredis après-midi de 14h à 17h.</mark></em></p>



<figure class="wp-block-table"><table class="has-pale-cyan-blue-background-color has-background"><tbody><tr><td></td></tr></tbody></table></figure>



<h2 class="wp-block-heading has-text-align-center has-pale-pink-color has-text-color has-medium-font-size"><mark style="background-color:rgba(0, 0, 0, 0)" class="has-inline-color has-luminous-vivid-orange-color">Continuité du cours « <strong>Découverte</strong> » en 2 Groupes </mark>: </h2>



<p class="has-text-align-center has-vivid-cyan-blue-color has-text-color has-medium-font-size"><mark style="background-color:rgba(0, 0, 0, 0)" class="has-inline-color has-black-color"><em>Reprise &nbsp;<strong>à compter du jeudi  05 septembre </strong> 2024 du cours d&rsquo;anglais « <strong>découverte</strong>« en 2 groupes </em>.&nbsp;</mark></p>



<p>L’ambition du cours est de réveiller vos souvenirs scolaires ou de vous faire découvrir les bases de la langue. Si vous avez des projets de voyage ou des besoins pour vous redonner confiance en prevision de discussions avec des amis ou famille anglophone , rejoignez nous …. Plus y a de fous …. Nous sommes nos propres ennemis , venez casser la glace et croire en vous en regagnant confiance au travers de conversations basiques. Deux groupes de niveau sont disponibles … We look forward to see you….</p>



<figure class="wp-block-image size-full"><img loading="lazy" decoding="async" width="1200" height="1000" src="https://olivetvousaccueil.fr/wp-content/uploads/2024/10/IMG_6117.webp" alt="" class="wp-image-1991"/></figure>



<p></p>



<p class="has-text-align-center has-vivid-cyan-blue-color has-text-color has-small-font-size"><em><mark style="background-color:rgba(0, 0, 0, 0)" class="has-inline-color has-black-color">Le <strong>premier groupe</strong> commence à <strong>9h15</strong> , quant au <strong>deuxième </strong>c&rsquo;est à <strong>10h45. </strong></mark></em><br><strong>Si vous avez payé votre cotisation rien à rajouter mêmes les sourires et les blagues sont comprises</strong>…..!</p>



<p class="has-text-align-center has-vivid-cyan-blue-color has-text-color has-small-font-size"> <em><mark style="background-color:rgba(0, 0, 0, 0)" class="has-inline-color has-black-color">Ce cours est animé par Patrice&nbsp;Minzolini.</mark></em></p>



<figure class="wp-block-table"><table class="has-pale-cyan-blue-background-color has-background"><tbody><tr><td></td></tr></tbody></table></figure>



<h2 class="wp-block-heading has-text-align-center has-medium-font-size"><mark style="background-color:rgba(0, 0, 0, 0)" class="has-inline-color has-luminous-vivid-orange-color">Continuité du cours « <strong>Conversation</strong> » en 2 Groupes : </mark></h2>



<p class="has-text-align-center has-small-font-size"><mark style="background-color:rgba(0, 0, 0, 0)" class="has-inline-color has-black-color"><em><strong>Rencontre tous les mardis, </strong>(Sauf vacances scolaires)</em></mark></p>



<p class="has-text-align-center has-luminous-vivid-orange-color has-text-color has-small-font-size"><mark style="background-color:rgba(0, 0, 0, 0)" class="has-inline-color has-black-color"><em>Deux groupes de conversation vous sont proposés le mardi matin .</em></mark></p>



<p class="has-text-align-center has-black-color has-text-color has-small-font-size"><em>Le <strong>premier groupe</strong> conserve de <strong>9h00 à 10h30 heures,</strong> le <strong>deuxième de 10h30  à midi</strong>. </em><mark style="background-color:rgba(0, 0, 0, 0)" class="has-inline-color has-black-color"><em> &nbsp;</em></mark></p>



<p class="has-text-align-center has-small-font-size"><em><mark style="background-color:rgba(0, 0, 0, 0)" class="has-inline-color has-black-color">Ce cours est animé par Francis Binse.</mark></em></p>



<p>L’activité conversation anglaise se fait à partir d&rsquo;un texte. les Thèmes variés</p>



<p>&#8211; Cela va de niveau intermédiaire à avancé</p>



<p>&#8211; La conversation se fait entre voisins par groupes de 2.&nbsp; Mise en commun et discussion générale éventuellement;</p>



<p>&#8211; jusqu&rsquo;à 40 inscrits (2&#215;20). Effectif actuel 38 personnes.</p>



<p>&#8211; possibilité d&rsquo;une ou deux inscriptions supplémentaires après une ou deux séances d&rsquo;essai sans test ou évaluation.</p>



<p>&#8211; Objectifs : convivialité et échanges. Développement aptitudes avec accent sur l&rsquo;expression orale.</p>



<p class="has-text-align-center has-black-color has-text-color has-medium-font-size"><strong><em>Les conversations ont reprises</em></strong><em><b> </b></em>….</p>



<figure class="wp-block-image size-full"><img loading="lazy" decoding="async" width="363" height="500" src="https://olivetvousaccueil.fr/wp-content/uploads/2024/10/IMG_6134.webp" alt="" class="wp-image-2041"/></figure>



<ul class="wp-block-list has-small-font-size">
<li></li>
</ul>



<figure class="wp-block-table"><table class="has-pale-cyan-blue-background-color has-background"><tbody><tr><td></td></tr></tbody></table></figure>



<p class="has-text-align-right has-black-color has-text-color" style="font-size:10px">Mise à jour  14 octobre  2024</p>

<p>Pour nous permettre d&rsquo;organiser les groupes, si vous êtes intéressés, merci de venir vous inscrire à la permanence OVA les mardis ou vendredis après-midi de 14h à 17h. Continuité du cours « Découverte » en 2 Groupes : Reprise &nbsp;à compter du</p>
